{"id":10640,"date":"2025-10-19T10:17:37","date_gmt":"2025-10-19T09:17:37","guid":{"rendered":"https:\/\/agrafa.asp.katowice.pl\/?post_type=person&#038;p=10640"},"modified":"2025-10-19T10:17:37","modified_gmt":"2025-10-19T09:17:37","slug":"agata-korzenska-3","status":"publish","type":"person","link":"https:\/\/agrafa.asp.katowice.pl\/en\/osoba\/agata-korzenska-3\/","title":{"rendered":"Agata Korze\u0144ska"},"content":{"rendered":"\n<p>Responsible for supervising this year&#8217;s visual identity of the event. In the previous edition, the student design team under her leadership received an award in the \u015al\u0105ska Rzecz competition for the AGRAFA&#8217;24 Reflection identity design. Curator of the AGRAFA International Student Design Review in 2017\u20132024.<\/p>\n\n\n\n<p>Designer, co-owner of the Idee design studio, graduate of the Academy of Fine Arts and Design in Katowice. She co-teaches Editorial Graphics and Visual Information Studio in the Chair of Graphic Design. She is interested in editorial graphics and visual identity. Co-author of the Police logo, \u201cDesign Silesia\u201d logo, the \u201cA to dobre!\u201d brand, the visual identity of the Drogeria Natura chain, and the design of legal books&nbsp; for the Od.Nowa publishing house. Originator and author of the guidebook \u201cPrawo autorskie dla projektant\u00f3w\u201d [Copyright for Designers]. Winner of the \u201c\u015al\u0105ska Rzecz,\u201d ED-Awards, and \u201cNajpi\u0119kniejsza Ksi\u0105\u017cka Roku\u201d [Most Beautiful Book of the Year] competitions. Jury member in the international review of graduation projects and the STGU Project of the Year.&nbsp;<\/p>\n","protected":false},"featured_media":6509,"template":"","meta":{"_acf_changed":false,"footnotes":"","_agrafa_person_website":"https:\/\/asp.katowice.pl\/en\/academy\/academic-faculty\/agata-korzenska.html","_agrafa_person_firstname":"","_agrafa_person_lastname":"","_agrafa_person_origin":"","_agrafa_person_instagram":"","_agrafa_person_behance":"","_agrafa_person_description":""},"edition":[44],"class_list":["post-10640","person","type-person","status-publish","has-post-thumbnail","hentry","edition-cycles26"],"acf":[],"yoast_head":"<!-- This site is optimized with the Yoast SEO plugin v27.3 - https:\/\/yoast.com\/product\/yoast-seo-wordpress\/ -->\n<title>Agata Korze\u0144ska - AGRAFA<\/title>\n<meta name=\"robots\" content=\"index, follow, max-snippet:-1, max-image-preview:large, max-video-preview:-1\" \/>\n<link rel=\"canonical\" href=\"https:\/\/agrafa.asp.katowice.pl\/en\/osoba\/agata-korzenska-3\/\" \/>\n<meta property=\"og:locale\" content=\"en_US\" \/>\n<meta property=\"og:type\" content=\"article\" \/>\n<meta property=\"og:title\" content=\"Agata Korze\u0144ska - AGRAFA\" \/>\n<meta property=\"og:description\" content=\"Responsible for supervising this year&#8217;s visual identity of the event. In the previous edition, the student design team under her leadership received an award in the \u015al\u0105ska Rzecz competition for the AGRAFA&#8217;24 Reflection identity design. Curator of the AGRAFA International Student Design Review in 2017\u20132024. Designer, co-owner of the Idee design studio, graduate of the Academy of Fine Arts and Design in Katowice. She co-teaches Editorial Graphics and Visual Information Studio in the Chair of Graphic Design. She is interested in editorial graphics and visual identity. Co-author of the Police logo, \u201cDesign Silesia\u201d logo, the \u201cA to dobre!\u201d brand, the [&hellip;]\" \/>\n<meta property=\"og:url\" content=\"https:\/\/agrafa.asp.katowice.pl\/en\/osoba\/agata-korzenska-3\/\" \/>\n<meta property=\"og:site_name\" content=\"AGRAFA\" \/>\n<meta property=\"og:image\" content=\"http:\/\/agrafa.asp.katowice.pl\/wp-content\/uploads\/2024\/05\/Agata-Korzenska.jpg\" \/>\n\t<meta property=\"og:image:width\" content=\"800\" \/>\n\t<meta property=\"og:image:height\" content=\"800\" \/>\n\t<meta property=\"og:image:type\" content=\"image\/jpeg\" \/>\n<meta name=\"twitter:card\" content=\"summary_large_image\" \/>\n<meta name=\"twitter:label1\" content=\"Est. reading time\" \/>\n\t<meta name=\"twitter:data1\" content=\"2 minutes\" \/>\n<script type=\"application\/ld+json\" class=\"yoast-schema-graph\">{\"@context\":\"https:\\\/\\\/schema.org\",\"@graph\":[{\"@type\":\"WebPage\",\"@id\":\"https:\\\/\\\/agrafa.asp.katowice.pl\\\/en\\\/osoba\\\/agata-korzenska-3\\\/\",\"url\":\"https:\\\/\\\/agrafa.asp.katowice.pl\\\/en\\\/osoba\\\/agata-korzenska-3\\\/\",\"name\":\"Agata Korze\u0144ska - AGRAFA\",\"isPartOf\":{\"@id\":\"https:\\\/\\\/agrafa.asp.katowice.pl\\\/#website\"},\"primaryImageOfPage\":{\"@id\":\"https:\\\/\\\/agrafa.asp.katowice.pl\\\/en\\\/osoba\\\/agata-korzenska-3\\\/#primaryimage\"},\"image\":{\"@id\":\"https:\\\/\\\/agrafa.asp.katowice.pl\\\/en\\\/osoba\\\/agata-korzenska-3\\\/#primaryimage\"},\"thumbnailUrl\":\"https:\\\/\\\/i0.wp.com\\\/agrafa.asp.katowice.pl\\\/wp-content\\\/uploads\\\/2024\\\/05\\\/Agata-Korzenska.jpg?fit=800%2C800&ssl=1\",\"datePublished\":\"2025-10-19T09:17:37+00:00\",\"breadcrumb\":{\"@id\":\"https:\\\/\\\/agrafa.asp.katowice.pl\\\/en\\\/osoba\\\/agata-korzenska-3\\\/#breadcrumb\"},\"inLanguage\":\"en-US\",\"potentialAction\":[{\"@type\":\"ReadAction\",\"target\":[\"https:\\\/\\\/agrafa.asp.katowice.pl\\\/en\\\/osoba\\\/agata-korzenska-3\\\/\"]}]},{\"@type\":\"ImageObject\",\"inLanguage\":\"en-US\",\"@id\":\"https:\\\/\\\/agrafa.asp.katowice.pl\\\/en\\\/osoba\\\/agata-korzenska-3\\\/#primaryimage\",\"url\":\"https:\\\/\\\/i0.wp.com\\\/agrafa.asp.katowice.pl\\\/wp-content\\\/uploads\\\/2024\\\/05\\\/Agata-Korzenska.jpg?fit=800%2C800&ssl=1\",\"contentUrl\":\"https:\\\/\\\/i0.wp.com\\\/agrafa.asp.katowice.pl\\\/wp-content\\\/uploads\\\/2024\\\/05\\\/Agata-Korzenska.jpg?fit=800%2C800&ssl=1\",\"width\":800,\"height\":800},{\"@type\":\"BreadcrumbList\",\"@id\":\"https:\\\/\\\/agrafa.asp.katowice.pl\\\/en\\\/osoba\\\/agata-korzenska-3\\\/#breadcrumb\",\"itemListElement\":[{\"@type\":\"ListItem\",\"position\":1,\"name\":\"Home\",\"item\":\"https:\\\/\\\/agrafa.asp.katowice.pl\\\/en\\\/\"},{\"@type\":\"ListItem\",\"position\":2,\"name\":\"Agata Korze\u0144ska\"}]},{\"@type\":\"WebSite\",\"@id\":\"https:\\\/\\\/agrafa.asp.katowice.pl\\\/#website\",\"url\":\"https:\\\/\\\/agrafa.asp.katowice.pl\\\/\",\"name\":\"AGRAFA\",\"description\":\"International design conference &amp; review\",\"potentialAction\":[{\"@type\":\"SearchAction\",\"target\":{\"@type\":\"EntryPoint\",\"urlTemplate\":\"https:\\\/\\\/agrafa.asp.katowice.pl\\\/?s={search_term_string}\"},\"query-input\":{\"@type\":\"PropertyValueSpecification\",\"valueRequired\":true,\"valueName\":\"search_term_string\"}}],\"inLanguage\":\"en-US\"}]}<\/script>\n<!-- \/ Yoast SEO plugin. -->","yoast_head_json":{"title":"Agata Korze\u0144ska - AGRAFA","robots":{"index":"index","follow":"follow","max-snippet":"max-snippet:-1","max-image-preview":"max-image-preview:large","max-video-preview":"max-video-preview:-1"},"canonical":"https:\/\/agrafa.asp.katowice.pl\/en\/osoba\/agata-korzenska-3\/","og_locale":"en_US","og_type":"article","og_title":"Agata Korze\u0144ska - AGRAFA","og_description":"Responsible for supervising this year&#8217;s visual identity of the event. In the previous edition, the student design team under her leadership received an award in the \u015al\u0105ska Rzecz competition for the AGRAFA&#8217;24 Reflection identity design. Curator of the AGRAFA International Student Design Review in 2017\u20132024. Designer, co-owner of the Idee design studio, graduate of the Academy of Fine Arts and Design in Katowice. She co-teaches Editorial Graphics and Visual Information Studio in the Chair of Graphic Design. She is interested in editorial graphics and visual identity. Co-author of the Police logo, \u201cDesign Silesia\u201d logo, the \u201cA to dobre!\u201d brand, the [&hellip;]","og_url":"https:\/\/agrafa.asp.katowice.pl\/en\/osoba\/agata-korzenska-3\/","og_site_name":"AGRAFA","og_image":[{"width":800,"height":800,"url":"http:\/\/agrafa.asp.katowice.pl\/wp-content\/uploads\/2024\/05\/Agata-Korzenska.jpg","type":"image\/jpeg"}],"twitter_card":"summary_large_image","twitter_misc":{"Est. reading time":"2 minutes"},"schema":{"@context":"https:\/\/schema.org","@graph":[{"@type":"WebPage","@id":"https:\/\/agrafa.asp.katowice.pl\/en\/osoba\/agata-korzenska-3\/","url":"https:\/\/agrafa.asp.katowice.pl\/en\/osoba\/agata-korzenska-3\/","name":"Agata Korze\u0144ska - AGRAFA","isPartOf":{"@id":"https:\/\/agrafa.asp.katowice.pl\/#website"},"primaryImageOfPage":{"@id":"https:\/\/agrafa.asp.katowice.pl\/en\/osoba\/agata-korzenska-3\/#primaryimage"},"image":{"@id":"https:\/\/agrafa.asp.katowice.pl\/en\/osoba\/agata-korzenska-3\/#primaryimage"},"thumbnailUrl":"https:\/\/i0.wp.com\/agrafa.asp.katowice.pl\/wp-content\/uploads\/2024\/05\/Agata-Korzenska.jpg?fit=800%2C800&ssl=1","datePublished":"2025-10-19T09:17:37+00:00","breadcrumb":{"@id":"https:\/\/agrafa.asp.katowice.pl\/en\/osoba\/agata-korzenska-3\/#breadcrumb"},"inLanguage":"en-US","potentialAction":[{"@type":"ReadAction","target":["https:\/\/agrafa.asp.katowice.pl\/en\/osoba\/agata-korzenska-3\/"]}]},{"@type":"ImageObject","inLanguage":"en-US","@id":"https:\/\/agrafa.asp.katowice.pl\/en\/osoba\/agata-korzenska-3\/#primaryimage","url":"https:\/\/i0.wp.com\/agrafa.asp.katowice.pl\/wp-content\/uploads\/2024\/05\/Agata-Korzenska.jpg?fit=800%2C800&ssl=1","contentUrl":"https:\/\/i0.wp.com\/agrafa.asp.katowice.pl\/wp-content\/uploads\/2024\/05\/Agata-Korzenska.jpg?fit=800%2C800&ssl=1","width":800,"height":800},{"@type":"BreadcrumbList","@id":"https:\/\/agrafa.asp.katowice.pl\/en\/osoba\/agata-korzenska-3\/#breadcrumb","itemListElement":[{"@type":"ListItem","position":1,"name":"Home","item":"https:\/\/agrafa.asp.katowice.pl\/en\/"},{"@type":"ListItem","position":2,"name":"Agata Korze\u0144ska"}]},{"@type":"WebSite","@id":"https:\/\/agrafa.asp.katowice.pl\/#website","url":"https:\/\/agrafa.asp.katowice.pl\/","name":"AGRAFA","description":"International design conference &amp; review","potentialAction":[{"@type":"SearchAction","target":{"@type":"EntryPoint","urlTemplate":"https:\/\/agrafa.asp.katowice.pl\/?s={search_term_string}"},"query-input":{"@type":"PropertyValueSpecification","valueRequired":true,"valueName":"search_term_string"}}],"inLanguage":"en-US"}]}},"_links":{"self":[{"href":"https:\/\/agrafa.asp.katowice.pl\/en\/wp-json\/wp\/v2\/person\/10640","targetHints":{"allow":["GET"]}}],"collection":[{"href":"https:\/\/agrafa.asp.katowice.pl\/en\/wp-json\/wp\/v2\/person"}],"about":[{"href":"https:\/\/agrafa.asp.katowice.pl\/en\/wp-json\/wp\/v2\/types\/person"}],"version-history":[{"count":1,"href":"https:\/\/agrafa.asp.katowice.pl\/en\/wp-json\/wp\/v2\/person\/10640\/revisions"}],"predecessor-version":[{"id":10641,"href":"https:\/\/agrafa.asp.katowice.pl\/en\/wp-json\/wp\/v2\/person\/10640\/revisions\/10641"}],"wp:featuredmedia":[{"embeddable":true,"href":"https:\/\/agrafa.asp.katowice.pl\/en\/wp-json\/wp\/v2\/media\/6509"}],"wp:attachment":[{"href":"https:\/\/agrafa.asp.katowice.pl\/en\/wp-json\/wp\/v2\/media?parent=10640"}],"wp:term":[{"taxonomy":"edition","embeddable":true,"href":"https:\/\/agrafa.asp.katowice.pl\/en\/wp-json\/wp\/v2\/edition?post=10640"}],"curies":[{"name":"wp","href":"https:\/\/api.w.org\/{rel}","templated":true}]}}

Agata Korzeńska

<p>Responsible for supervising this year&#8217;s visual identity of the event. In the previous edition, the student design team under her leadership received an award in the Śląska Rzecz competition for the AGRAFA&#8217;24 Reflection identity design. Curator of the AGRAFA International Student Design Review in 2017–2024.</p>



<p>Designer, co-owner of the Idee design studio, graduate of the Academy of Fine Arts and Design in Katowice. She co-teaches Editorial Graphics and Visual Information Studio in the Chair of Graphic Design. She is interested in editorial graphics and visual identity. Co-author of the Police logo, “Design Silesia” logo, the “A to dobre!” brand, the visual identity of the Drogeria Natura chain, and the design of legal books&nbsp; for the Od.Nowa publishing house. Originator and author of the guidebook “Prawo autorskie dla projektantów” [Copyright for Designers]. Winner of the “Śląska Rzecz,” ED-Awards, and “Najpiękniejsza Książka Roku” [Most Beautiful Book of the Year] competitions. Jury member in the international review of graduation projects and the STGU Project of the Year.&nbsp;</p>

<!-- This site is optimized with the Yoast SEO plugin v27.3 - https://yoast.com/product/yoast-seo-wordpress/ -->
<title>Agata Korzeńska - AGRAFA</title>
<meta name="robots" content="index, follow, max-snippet:-1, max-image-preview:large, max-video-preview:-1" />
<link rel="canonical" href="https://agrafa.asp.katowice.pl/en/osoba/agata-korzenska-3/" />
<meta property="og:locale" content="en_US" />
<meta property="og:type" content="article" />
<meta property="og:title" content="Agata Korzeńska - AGRAFA" />
<meta property="og:description" content="Responsible for supervising this year&#8217;s visual identity of the event. In the previous edition, the student design team under her leadership received an award in the Śląska Rzecz competition for the AGRAFA&#8217;24 Reflection identity design. Curator of the AGRAFA International Student Design Review in 2017–2024. Designer, co-owner of the Idee design studio, graduate of the Academy of Fine Arts and Design in Katowice. She co-teaches Editorial Graphics and Visual Information Studio in the Chair of Graphic Design. She is interested in editorial graphics and visual identity. Co-author of the Police logo, “Design Silesia” logo, the “A to dobre!” brand, the [&hellip;]" />
<meta property="og:url" content="https://agrafa.asp.katowice.pl/en/osoba/agata-korzenska-3/" />
<meta property="og:site_name" content="AGRAFA" />
<meta property="og:image" content="http://agrafa.asp.katowice.pl/wp-content/uploads/2024/05/Agata-Korzenska.jpg" />
	<meta property="og:image:width" content="800" />
	<meta property="og:image:height" content="800" />
	<meta property="og:image:type" content="image/jpeg" />
<meta name="twitter:card" content="summary_large_image" />
<meta name="twitter:label1" content="Est. reading time" />
	<meta name="twitter:data1" content="2 minutes" />
<script type="application/ld+json" class="yoast-schema-graph">{"@context":"https:\/\/schema.org","@graph":[{"@type":"WebPage","@id":"https:\/\/agrafa.asp.katowice.pl\/en\/osoba\/agata-korzenska-3\/","url":"https:\/\/agrafa.asp.katowice.pl\/en\/osoba\/agata-korzenska-3\/","name":"Agata Korzeńska - AGRAFA","isPartOf":{"@id":"https:\/\/agrafa.asp.katowice.pl\/#website"},"primaryImageOfPage":{"@id":"https:\/\/agrafa.asp.katowice.pl\/en\/osoba\/agata-korzenska-3\/#primaryimage"},"image":{"@id":"https:\/\/agrafa.asp.katowice.pl\/en\/osoba\/agata-korzenska-3\/#primaryimage"},"thumbnailUrl":"https:\/\/i0.wp.com\/agrafa.asp.katowice.pl\/wp-content\/uploads\/2024\/05\/Agata-Korzenska.jpg?fit=800%2C800&ssl=1","datePublished":"2025-10-19T09:17:37+00:00","breadcrumb":{"@id":"https:\/\/agrafa.asp.katowice.pl\/en\/osoba\/agata-korzenska-3\/#breadcrumb"},"inLanguage":"en-US","potentialAction":[{"@type":"ReadAction","target":["https:\/\/agrafa.asp.katowice.pl\/en\/osoba\/agata-korzenska-3\/"]}]},{"@type":"ImageObject","inLanguage":"en-US","@id":"https:\/\/agrafa.asp.katowice.pl\/en\/osoba\/agata-korzenska-3\/#primaryimage","url":"https:\/\/i0.wp.com\/agrafa.asp.katowice.pl\/wp-content\/uploads\/2024\/05\/Agata-Korzenska.jpg?fit=800%2C800&ssl=1","contentUrl":"https:\/\/i0.wp.com\/agrafa.asp.katowice.pl\/wp-content\/uploads\/2024\/05\/Agata-Korzenska.jpg?fit=800%2C800&ssl=1","width":800,"height":800},{"@type":"BreadcrumbList","@id":"https:\/\/agrafa.asp.katowice.pl\/en\/osoba\/agata-korzenska-3\/#breadcrumb","itemListElement":[{"@type":"ListItem","position":1,"name":"Home","item":"https:\/\/agrafa.asp.katowice.pl\/en\/"},{"@type":"ListItem","position":2,"name":"Agata Korzeńska"}]},{"@type":"WebSite","@id":"https:\/\/agrafa.asp.katowice.pl\/#website","url":"https:\/\/agrafa.asp.katowice.pl\/","name":"AGRAFA","description":"International design conference &amp; review","potentialAction":[{"@type":"SearchAction","target":{"@type":"EntryPoint","urlTemplate":"https:\/\/agrafa.asp.katowice.pl\/?s={search_term_string}"},"query-input":{"@type":"PropertyValueSpecification","valueRequired":true,"valueName":"search_term_string"}}],"inLanguage":"en-US"}]}</script>
<!-- / Yoast SEO plugin. -->

Agata Korzeńska - AGRAFA

Responsible for supervising this year&#8217;s visual identity of the event. In the previous edition, the student design team under her leadership received an award in the Śląska Rzecz competition for the AGRAFA&#8217;24 Reflection identity design. Curator of the AGRAFA International Student Design Review in 2017–2024. Designer, co-owner of the Idee design studio, graduate of the Academy of Fine Arts and Design in Katowice. She co-teaches Editorial Graphics and Visual Information Studio in the Chair of Graphic Design. She is interested in editorial graphics and visual identity. Co-author of the Police logo, “Design Silesia” logo, the “A to dobre!” brand, the [&hellip;]
