{"id":10632,"date":"2025-10-19T10:13:05","date_gmt":"2025-10-19T09:13:05","guid":{"rendered":"https:\/\/agrafa.asp.katowice.pl\/?post_type=person&#038;p=10632"},"modified":"2025-10-19T10:13:06","modified_gmt":"2025-10-19T09:13:06","slug":"julianna-zych-luty","status":"publish","type":"person","link":"https:\/\/agrafa.asp.katowice.pl\/en\/osoba\/julianna-zych-luty\/","title":{"rendered":"Julianna Zych-Luty"},"content":{"rendered":"\n<p>Curator of the AGRAFA&#8217;26 International Review of Student Design. Visual communication designer working in the areas of digital product design (UX\/UI), service design, and visual information systems.<\/p>\n\n\n\n<p>Graduate of Industrial Design at the Academy of Fine Arts and Design in Katowice in 2018, diploma student of the Social Communication Studio. ERASMUS scholarship holder at the \u00c9cole Sup\u00e9rieure d&#8217;Art et Design de Saint-\u00c9tienne, France. Leader of workshops for children in the \u201cAkademia 5+\u201d series at the Academy of Fine Arts in Katowice in 2015\u20132017.<\/p>\n\n\n\n<p>Her works have been exhibited at: Graduation Projects 2019 in Cieszyn, Warsaw, and Vienna, the exhibition \u201cYoung Design from Katowice\u201d for 4 selected students in 2019, the Agrafa conference in 2019 and 2017, \u0141\u00f3d\u017a Design Festival 2015, and Silesia Bazaar 2015. In 2015, she was among the winners of the international project \u201cFocal, The Spirit of Sound,\u201d which culminated in a presentation of the works in Paris.<\/p>\n\n\n\n<p>Selected implementations: work on the creation of digital products, application concepts and the Design System for Comarch (Comarch Design System), cooperation and implementation of digital products for PLAY, the SIW Dworca project in Cieszyn together with the TUKEJ office, implementation of the \u0141\u0105ki Kwietne website and store in the KMK group team, implementation of elements of a thesis in a community garden in cooperation with the Civitas Association, cooperation with the PKP Foundation in the implementation of a bachelor&#8217;s thesis for blood donors (selected graphic materials for the Wampiriada campaign).<\/p>\n\n\n\n<p>Currently professionally affiliated with the EDISONDA design studio.<\/p>\n","protected":false},"featured_media":10627,"template":"","meta":{"_acf_changed":false,"footnotes":"","_agrafa_person_website":"https:\/\/asp.katowice.pl\/uczelnia\/kadra-akademicka\/julianna-zych-luty.html","_agrafa_person_firstname":"","_agrafa_person_lastname":"","_agrafa_person_origin":"","_agrafa_person_instagram":"","_agrafa_person_behance":"","_agrafa_person_description":""},"edition":[44],"class_list":["post-10632","person","type-person","status-publish","has-post-thumbnail","hentry","edition-cycles26"],"acf":[],"yoast_head":"<!-- This site is optimized with the Yoast SEO plugin v27.3 - https:\/\/yoast.com\/product\/yoast-seo-wordpress\/ -->\n<title>Julianna Zych-Luty - AGRAFA<\/title>\n<meta name=\"robots\" content=\"index, follow, max-snippet:-1, max-image-preview:large, max-video-preview:-1\" \/>\n<link rel=\"canonical\" href=\"https:\/\/agrafa.asp.katowice.pl\/en\/osoba\/julianna-zych-luty\/\" \/>\n<meta property=\"og:locale\" content=\"en_US\" \/>\n<meta property=\"og:type\" content=\"article\" \/>\n<meta property=\"og:title\" content=\"Julianna Zych-Luty - AGRAFA\" \/>\n<meta property=\"og:description\" content=\"Curator of the AGRAFA&#8217;26 International Review of Student Design. Visual communication designer working in the areas of digital product design (UX\/UI), service design, and visual information systems. Graduate of Industrial Design at the Academy of Fine Arts and Design in Katowice in 2018, diploma student of the Social Communication Studio. ERASMUS scholarship holder at the \u00c9cole Sup\u00e9rieure d&#8217;Art et Design de Saint-\u00c9tienne, France. Leader of workshops for children in the \u201cAkademia 5+\u201d series at the Academy of Fine Arts in Katowice in 2015\u20132017. Her works have been exhibited at: Graduation Projects 2019 in Cieszyn, Warsaw, and Vienna, the exhibition \u201cYoung [&hellip;]\" \/>\n<meta property=\"og:url\" content=\"https:\/\/agrafa.asp.katowice.pl\/en\/osoba\/julianna-zych-luty\/\" \/>\n<meta property=\"og:site_name\" content=\"AGRAFA\" \/>\n<meta property=\"article:modified_time\" content=\"2025-10-19T09:13:06+00:00\" \/>\n<meta property=\"og:image\" content=\"http:\/\/agrafa.asp.katowice.pl\/wp-content\/uploads\/2025\/10\/jzychluty.jpg\" \/>\n\t<meta property=\"og:image:width\" content=\"576\" \/>\n\t<meta property=\"og:image:height\" content=\"576\" \/>\n\t<meta property=\"og:image:type\" content=\"image\/jpeg\" \/>\n<meta name=\"twitter:card\" content=\"summary_large_image\" \/>\n<meta name=\"twitter:label1\" content=\"Est. reading time\" \/>\n\t<meta name=\"twitter:data1\" content=\"2 minutes\" \/>\n<script type=\"application\/ld+json\" class=\"yoast-schema-graph\">{\"@context\":\"https:\\\/\\\/schema.org\",\"@graph\":[{\"@type\":\"WebPage\",\"@id\":\"https:\\\/\\\/agrafa.asp.katowice.pl\\\/en\\\/osoba\\\/julianna-zych-luty\\\/\",\"url\":\"https:\\\/\\\/agrafa.asp.katowice.pl\\\/en\\\/osoba\\\/julianna-zych-luty\\\/\",\"name\":\"Julianna Zych-Luty - AGRAFA\",\"isPartOf\":{\"@id\":\"https:\\\/\\\/agrafa.asp.katowice.pl\\\/#website\"},\"primaryImageOfPage\":{\"@id\":\"https:\\\/\\\/agrafa.asp.katowice.pl\\\/en\\\/osoba\\\/julianna-zych-luty\\\/#primaryimage\"},\"image\":{\"@id\":\"https:\\\/\\\/agrafa.asp.katowice.pl\\\/en\\\/osoba\\\/julianna-zych-luty\\\/#primaryimage\"},\"thumbnailUrl\":\"https:\\\/\\\/i0.wp.com\\\/agrafa.asp.katowice.pl\\\/wp-content\\\/uploads\\\/2025\\\/10\\\/jzychluty-e1760875918254.jpg?fit=545%2C544&ssl=1\",\"datePublished\":\"2025-10-19T09:13:05+00:00\",\"dateModified\":\"2025-10-19T09:13:06+00:00\",\"breadcrumb\":{\"@id\":\"https:\\\/\\\/agrafa.asp.katowice.pl\\\/en\\\/osoba\\\/julianna-zych-luty\\\/#breadcrumb\"},\"inLanguage\":\"en-US\",\"potentialAction\":[{\"@type\":\"ReadAction\",\"target\":[\"https:\\\/\\\/agrafa.asp.katowice.pl\\\/en\\\/osoba\\\/julianna-zych-luty\\\/\"]}]},{\"@type\":\"ImageObject\",\"inLanguage\":\"en-US\",\"@id\":\"https:\\\/\\\/agrafa.asp.katowice.pl\\\/en\\\/osoba\\\/julianna-zych-luty\\\/#primaryimage\",\"url\":\"https:\\\/\\\/i0.wp.com\\\/agrafa.asp.katowice.pl\\\/wp-content\\\/uploads\\\/2025\\\/10\\\/jzychluty-e1760875918254.jpg?fit=545%2C544&ssl=1\",\"contentUrl\":\"https:\\\/\\\/i0.wp.com\\\/agrafa.asp.katowice.pl\\\/wp-content\\\/uploads\\\/2025\\\/10\\\/jzychluty-e1760875918254.jpg?fit=545%2C544&ssl=1\",\"width\":545,\"height\":544},{\"@type\":\"BreadcrumbList\",\"@id\":\"https:\\\/\\\/agrafa.asp.katowice.pl\\\/en\\\/osoba\\\/julianna-zych-luty\\\/#breadcrumb\",\"itemListElement\":[{\"@type\":\"ListItem\",\"position\":1,\"name\":\"Home\",\"item\":\"https:\\\/\\\/agrafa.asp.katowice.pl\\\/en\\\/\"},{\"@type\":\"ListItem\",\"position\":2,\"name\":\"Julianna Zych-Luty\"}]},{\"@type\":\"WebSite\",\"@id\":\"https:\\\/\\\/agrafa.asp.katowice.pl\\\/#website\",\"url\":\"https:\\\/\\\/agrafa.asp.katowice.pl\\\/\",\"name\":\"AGRAFA\",\"description\":\"International design conference &amp; review\",\"potentialAction\":[{\"@type\":\"SearchAction\",\"target\":{\"@type\":\"EntryPoint\",\"urlTemplate\":\"https:\\\/\\\/agrafa.asp.katowice.pl\\\/?s={search_term_string}\"},\"query-input\":{\"@type\":\"PropertyValueSpecification\",\"valueRequired\":true,\"valueName\":\"search_term_string\"}}],\"inLanguage\":\"en-US\"}]}<\/script>\n<!-- \/ Yoast SEO plugin. -->","yoast_head_json":{"title":"Julianna Zych-Luty - AGRAFA","robots":{"index":"index","follow":"follow","max-snippet":"max-snippet:-1","max-image-preview":"max-image-preview:large","max-video-preview":"max-video-preview:-1"},"canonical":"https:\/\/agrafa.asp.katowice.pl\/en\/osoba\/julianna-zych-luty\/","og_locale":"en_US","og_type":"article","og_title":"Julianna Zych-Luty - AGRAFA","og_description":"Curator of the AGRAFA&#8217;26 International Review of Student Design. Visual communication designer working in the areas of digital product design (UX\/UI), service design, and visual information systems. Graduate of Industrial Design at the Academy of Fine Arts and Design in Katowice in 2018, diploma student of the Social Communication Studio. ERASMUS scholarship holder at the \u00c9cole Sup\u00e9rieure d&#8217;Art et Design de Saint-\u00c9tienne, France. Leader of workshops for children in the \u201cAkademia 5+\u201d series at the Academy of Fine Arts in Katowice in 2015\u20132017. Her works have been exhibited at: Graduation Projects 2019 in Cieszyn, Warsaw, and Vienna, the exhibition \u201cYoung [&hellip;]","og_url":"https:\/\/agrafa.asp.katowice.pl\/en\/osoba\/julianna-zych-luty\/","og_site_name":"AGRAFA","article_modified_time":"2025-10-19T09:13:06+00:00","og_image":[{"width":576,"height":576,"url":"http:\/\/agrafa.asp.katowice.pl\/wp-content\/uploads\/2025\/10\/jzychluty.jpg","type":"image\/jpeg"}],"twitter_card":"summary_large_image","twitter_misc":{"Est. reading time":"2 minutes"},"schema":{"@context":"https:\/\/schema.org","@graph":[{"@type":"WebPage","@id":"https:\/\/agrafa.asp.katowice.pl\/en\/osoba\/julianna-zych-luty\/","url":"https:\/\/agrafa.asp.katowice.pl\/en\/osoba\/julianna-zych-luty\/","name":"Julianna Zych-Luty - AGRAFA","isPartOf":{"@id":"https:\/\/agrafa.asp.katowice.pl\/#website"},"primaryImageOfPage":{"@id":"https:\/\/agrafa.asp.katowice.pl\/en\/osoba\/julianna-zych-luty\/#primaryimage"},"image":{"@id":"https:\/\/agrafa.asp.katowice.pl\/en\/osoba\/julianna-zych-luty\/#primaryimage"},"thumbnailUrl":"https:\/\/i0.wp.com\/agrafa.asp.katowice.pl\/wp-content\/uploads\/2025\/10\/jzychluty-e1760875918254.jpg?fit=545%2C544&ssl=1","datePublished":"2025-10-19T09:13:05+00:00","dateModified":"2025-10-19T09:13:06+00:00","breadcrumb":{"@id":"https:\/\/agrafa.asp.katowice.pl\/en\/osoba\/julianna-zych-luty\/#breadcrumb"},"inLanguage":"en-US","potentialAction":[{"@type":"ReadAction","target":["https:\/\/agrafa.asp.katowice.pl\/en\/osoba\/julianna-zych-luty\/"]}]},{"@type":"ImageObject","inLanguage":"en-US","@id":"https:\/\/agrafa.asp.katowice.pl\/en\/osoba\/julianna-zych-luty\/#primaryimage","url":"https:\/\/i0.wp.com\/agrafa.asp.katowice.pl\/wp-content\/uploads\/2025\/10\/jzychluty-e1760875918254.jpg?fit=545%2C544&ssl=1","contentUrl":"https:\/\/i0.wp.com\/agrafa.asp.katowice.pl\/wp-content\/uploads\/2025\/10\/jzychluty-e1760875918254.jpg?fit=545%2C544&ssl=1","width":545,"height":544},{"@type":"BreadcrumbList","@id":"https:\/\/agrafa.asp.katowice.pl\/en\/osoba\/julianna-zych-luty\/#breadcrumb","itemListElement":[{"@type":"ListItem","position":1,"name":"Home","item":"https:\/\/agrafa.asp.katowice.pl\/en\/"},{"@type":"ListItem","position":2,"name":"Julianna Zych-Luty"}]},{"@type":"WebSite","@id":"https:\/\/agrafa.asp.katowice.pl\/#website","url":"https:\/\/agrafa.asp.katowice.pl\/","name":"AGRAFA","description":"International design conference &amp; review","potentialAction":[{"@type":"SearchAction","target":{"@type":"EntryPoint","urlTemplate":"https:\/\/agrafa.asp.katowice.pl\/?s={search_term_string}"},"query-input":{"@type":"PropertyValueSpecification","valueRequired":true,"valueName":"search_term_string"}}],"inLanguage":"en-US"}]}},"_links":{"self":[{"href":"https:\/\/agrafa.asp.katowice.pl\/en\/wp-json\/wp\/v2\/person\/10632","targetHints":{"allow":["GET"]}}],"collection":[{"href":"https:\/\/agrafa.asp.katowice.pl\/en\/wp-json\/wp\/v2\/person"}],"about":[{"href":"https:\/\/agrafa.asp.katowice.pl\/en\/wp-json\/wp\/v2\/types\/person"}],"version-history":[{"count":1,"href":"https:\/\/agrafa.asp.katowice.pl\/en\/wp-json\/wp\/v2\/person\/10632\/revisions"}],"predecessor-version":[{"id":10633,"href":"https:\/\/agrafa.asp.katowice.pl\/en\/wp-json\/wp\/v2\/person\/10632\/revisions\/10633"}],"wp:featuredmedia":[{"embeddable":true,"href":"https:\/\/agrafa.asp.katowice.pl\/en\/wp-json\/wp\/v2\/media\/10627"}],"wp:attachment":[{"href":"https:\/\/agrafa.asp.katowice.pl\/en\/wp-json\/wp\/v2\/media?parent=10632"}],"wp:term":[{"taxonomy":"edition","embeddable":true,"href":"https:\/\/agrafa.asp.katowice.pl\/en\/wp-json\/wp\/v2\/edition?post=10632"}],"curies":[{"name":"wp","href":"https:\/\/api.w.org\/{rel}","templated":true}]}}

<p>Curator of the AGRAFA&#8217;26 International Review of Student Design. Visual communication designer working in the areas of digital product design (UX/UI), service design, and visual information systems.</p>



<p>Graduate of Industrial Design at the Academy of Fine Arts and Design in Katowice in 2018, diploma student of the Social Communication Studio. ERASMUS scholarship holder at the École Supérieure d&#8217;Art et Design de Saint-Étienne, France. Leader of workshops for children in the “Akademia 5+” series at the Academy of Fine Arts in Katowice in 2015–2017.</p>



<p>Her works have been exhibited at: Graduation Projects 2019 in Cieszyn, Warsaw, and Vienna, the exhibition “Young Design from Katowice” for 4 selected students in 2019, the Agrafa conference in 2019 and 2017, Łódź Design Festival 2015, and Silesia Bazaar 2015. In 2015, she was among the winners of the international project “Focal, The Spirit of Sound,” which culminated in a presentation of the works in Paris.</p>



<p>Selected implementations: work on the creation of digital products, application concepts and the Design System for Comarch (Comarch Design System), cooperation and implementation of digital products for PLAY, the SIW Dworca project in Cieszyn together with the TUKEJ office, implementation of the Łąki Kwietne website and store in the KMK group team, implementation of elements of a thesis in a community garden in cooperation with the Civitas Association, cooperation with the PKP Foundation in the implementation of a bachelor&#8217;s thesis for blood donors (selected graphic materials for the Wampiriada campaign).</p>



<p>Currently professionally affiliated with the EDISONDA design studio.</p>

<!-- This site is optimized with the Yoast SEO plugin v27.3 - https://yoast.com/product/yoast-seo-wordpress/ -->
<title>Julianna Zych-Luty - AGRAFA</title>
<meta name="robots" content="index, follow, max-snippet:-1, max-image-preview:large, max-video-preview:-1" />
<link rel="canonical" href="https://agrafa.asp.katowice.pl/en/osoba/julianna-zych-luty/" />
<meta property="og:locale" content="en_US" />
<meta property="og:type" content="article" />
<meta property="og:title" content="Julianna Zych-Luty - AGRAFA" />
<meta property="og:description" content="Curator of the AGRAFA&#8217;26 International Review of Student Design. Visual communication designer working in the areas of digital product design (UX/UI), service design, and visual information systems. Graduate of Industrial Design at the Academy of Fine Arts and Design in Katowice in 2018, diploma student of the Social Communication Studio. ERASMUS scholarship holder at the École Supérieure d&#8217;Art et Design de Saint-Étienne, France. Leader of workshops for children in the “Akademia 5+” series at the Academy of Fine Arts in Katowice in 2015–2017. Her works have been exhibited at: Graduation Projects 2019 in Cieszyn, Warsaw, and Vienna, the exhibition “Young [&hellip;]" />
<meta property="og:url" content="https://agrafa.asp.katowice.pl/en/osoba/julianna-zych-luty/" />
<meta property="og:site_name" content="AGRAFA" />
<meta property="article:modified_time" content="2025-10-19T09:13:06+00:00" />
<meta property="og:image" content="http://agrafa.asp.katowice.pl/wp-content/uploads/2025/10/jzychluty.jpg" />
	<meta property="og:image:width" content="576" />
	<meta property="og:image:height" content="576" />
	<meta property="og:image:type" content="image/jpeg" />
<meta name="twitter:card" content="summary_large_image" />
<meta name="twitter:label1" content="Est. reading time" />
	<meta name="twitter:data1" content="2 minutes" />
<script type="application/ld+json" class="yoast-schema-graph">{"@context":"https:\/\/schema.org","@graph":[{"@type":"WebPage","@id":"https:\/\/agrafa.asp.katowice.pl\/en\/osoba\/julianna-zych-luty\/","url":"https:\/\/agrafa.asp.katowice.pl\/en\/osoba\/julianna-zych-luty\/","name":"Julianna Zych-Luty - AGRAFA","isPartOf":{"@id":"https:\/\/agrafa.asp.katowice.pl\/#website"},"primaryImageOfPage":{"@id":"https:\/\/agrafa.asp.katowice.pl\/en\/osoba\/julianna-zych-luty\/#primaryimage"},"image":{"@id":"https:\/\/agrafa.asp.katowice.pl\/en\/osoba\/julianna-zych-luty\/#primaryimage"},"thumbnailUrl":"https:\/\/i0.wp.com\/agrafa.asp.katowice.pl\/wp-content\/uploads\/2025\/10\/jzychluty-e1760875918254.jpg?fit=545%2C544&ssl=1","datePublished":"2025-10-19T09:13:05+00:00","dateModified":"2025-10-19T09:13:06+00:00","breadcrumb":{"@id":"https:\/\/agrafa.asp.katowice.pl\/en\/osoba\/julianna-zych-luty\/#breadcrumb"},"inLanguage":"en-US","potentialAction":[{"@type":"ReadAction","target":["https:\/\/agrafa.asp.katowice.pl\/en\/osoba\/julianna-zych-luty\/"]}]},{"@type":"ImageObject","inLanguage":"en-US","@id":"https:\/\/agrafa.asp.katowice.pl\/en\/osoba\/julianna-zych-luty\/#primaryimage","url":"https:\/\/i0.wp.com\/agrafa.asp.katowice.pl\/wp-content\/uploads\/2025\/10\/jzychluty-e1760875918254.jpg?fit=545%2C544&ssl=1","contentUrl":"https:\/\/i0.wp.com\/agrafa.asp.katowice.pl\/wp-content\/uploads\/2025\/10\/jzychluty-e1760875918254.jpg?fit=545%2C544&ssl=1","width":545,"height":544},{"@type":"BreadcrumbList","@id":"https:\/\/agrafa.asp.katowice.pl\/en\/osoba\/julianna-zych-luty\/#breadcrumb","itemListElement":[{"@type":"ListItem","position":1,"name":"Home","item":"https:\/\/agrafa.asp.katowice.pl\/en\/"},{"@type":"ListItem","position":2,"name":"Julianna Zych-Luty"}]},{"@type":"WebSite","@id":"https:\/\/agrafa.asp.katowice.pl\/#website","url":"https:\/\/agrafa.asp.katowice.pl\/","name":"AGRAFA","description":"International design conference &amp; review","potentialAction":[{"@type":"SearchAction","target":{"@type":"EntryPoint","urlTemplate":"https:\/\/agrafa.asp.katowice.pl\/?s={search_term_string}"},"query-input":{"@type":"PropertyValueSpecification","valueRequired":true,"valueName":"search_term_string"}}],"inLanguage":"en-US"}]}</script>
<!-- / Yoast SEO plugin. -->

Curator of the AGRAFA&#8217;26 International Review of Student Design. Visual communication designer working in the areas of digital product design (UX/UI), service design, and visual information systems. Graduate of Industrial Design at the Academy of Fine Arts and Design in Katowice in 2018, diploma student of the Social Communication Studio. ERASMUS scholarship holder at the École Supérieure d&#8217;Art et Design de Saint-Étienne, France. Leader of workshops for children in the “Akademia 5+” series at the Academy of Fine Arts in Katowice in 2015–2017. Her works have been exhibited at: Graduation Projects 2019 in Cieszyn, Warsaw, and Vienna, the exhibition “Young [&hellip;]
